t is 565 + 0?
565
In base 15, what is -4 - -189?
185
In base 15, what is -4de - 6?
-4e5
In base 10, what is 1 + 3241?
3242
In base 5, what is -4 + -1102?
-1111
In base 8, what is 1 + 2043?
2044
In base 6, what is -21 + -1?
-22
In base 13, what is -3 + 33b?
338
In base 10, what is 2 - -91?
93
In base 13, what is 41 - -19?
5a
In base 3, what is 0 + -1120?
-1120
In base 15, what is 2 + e4?
e6
In base 13, what is 187c - 1?
187b
In base 13, what is 1 - 18b4?
-18b3
In base 3, what is -1102 - 111?
-1220
In base 14, what is 32 + -250?
-21c
In base 7, what is -1 - -513?
512
In base 2, what is 10001000110 + -10?
10001000100
In base 14, what is -12 + -3?
-15
In base 9, what is 311 - -5?
316
In base 13, what is -3 + -b?
-11
In base 11, what is 36 - 3?
33
In base 4, what is 3013 - 2?
3011
In base 16, what is cd + -5?
c8
In base 12, what is 3897 - 0?
3897
In base 13, what is -5 - 11?
-16
In base 15, what is 6c + -15?
57
In base 11, what is -17 + -43?
-5a
In base 16, what is -7 - 6e?
-75
In base 3, what is 11212021 + 2?
11212100
In base 2, what is 101011 + -1001011?
-100000
In base 9, what is 2 - -68?
71
In base 12, what is 4 + -17?
-13
In base 11, what is 263 + 11?
274
In base 10, what is -10 + 18?
8
In base 16, what is -3 + -71a?
-71d
In base 16, what is 112 + -3?
10f
In base 11, what is 92 + -3?
8a
In base 9, what is 0 - -638?
638
In base 14, what is d14 - -5?
d19
In base 7, what is 563 - 3?
560
In base 13, what is -607 - 2?
-609
In base 9, what is -6 - 2?
-8
In base 9, what is 5 + -213?
-207
In base 13, what is -7a8 + -1?
-7a9
In base 10, what is 3 - 42?
-39
In base 15, what is -2 + -ac6?
-ac8
In base 15, what is 3 + 48b?
48e
In base 6, what is -500 - -5?
-451
In base 3, what is 2000010 + 2?
2000012
In base 2, what is -1001111 - 1011000?
-10100111
In base 3, what is -10021 + 1011?
-2010
In base 16, what is -94 + 28?
-6c
In base 8, what is -31 + 446?
415
In base 5, what is -40 - 11?
-101
In base 3, what is 2120000 - 10?
2112220
In base 16, what is -bfe + 3?
-bfb
In base 9, what is -1124 + -4?
-1128
In base 15, what is 0 + -1a5?
-1a5
In base 4, what is -12110 + -22?
-12132
In base 10, what is -12 - -1?
-11
In base 5, what is -100311 + 3?
-100303
In base 8, what is 4 - -14?
20
In base 2, what is -1011100 + -10?
-1011110
In base 14, what is -48 - 2?
-4a
In base 6, what is -1354 + -5?
-1403
In base 6, what is 553 - 2?
551
In base 7, what is -5 - -6250?
6242
In base 2, what is 11 + -10110?
-10011
In base 5, what is 1 + 4423?
4424
In base 10, what is 1786 + 4?
1790
In base 12, what is -6 - -19?
13
In base 5, what is 3 - 431?
-423
In base 7, what is -6 - -11?
2
In base 15, what is 370c + 4?
3711
In base 9, what is -3 + -604?
-607
In base 2, what is -11001 + 1010?
-1111
In base 3, what is -220111 + 2?
-220102
In base 4, what is -133 - -3?
-130
In base 7, what is 124 - 22?
102
In base 12, what is 2a + 20?
4a
In base 5, what is 10 - -1240?
1300
In base 13, what is 3 - -15c?
162
In base 12, what is 13627 + 1?
13628
In base 14, what is -4 - -72?
6c
In base 2, what is -1111 + 10100111010?
10100101011
In base 6, what is 2 + 254?
300
In base 9, what is 5 + -38?
-33
In base 4, what is -303303 - -11?
-303232
In base 14, what is 1 + -16a?
-169
In base 11, what is 1 - 26?
-25
In base 11, what is -9a07 + 3?
-9a04
In base 11, what is 11 + 1282?
1293
In base 12, what is 0 - 22?
-22
In base 15, what is -2b - -149?
11d
In base 5, what is -43 + -200?
-243
In base 8, what is -5 - 264?
-271
In base 13, what is -3 + -14b?
-151
In base 11, what is -3 - 150?
-153
In base 5, what is -434 + -120?
-1104
In base 13, what is -38 - -1b?
-1a
In base 4, what is 23 - -102?
131
In base 12, what is 430 + 9?
439
In base 6, what is 3 - -35?
42
In base 12, what is 5 - -2306?
230b
In base 10, what is -4 - 62?
-66
In base 16, what is -3831 - -3?
-382e
In base 3, what is -112 + -101011?
-101200
In base 13, what is 125 - -b?
133
In base 4, what is 13102 + 10?
13112
In base 11, what is -5 + 195?
190
In base 3, what is -10 + 2010001?
2002221
In base 4, what is 221201 + 0?
221201
In base 3, what is 12 + -22101?
-22012
In base 10, what is -2029 + -4?
-2033
In base 7, what is 5 - 0?
5
In base 13, what is -223 - 2?
-225
In base 3, what is -111221 - -12?
-111202
In base 6, what is -4 + 12004?
12000
In base 12, what is -3ba - -14?
-3a6
In base 3, what is -212 + 102?
-110
In base 6, what is -151 + 0?
-151
In base 7, what is 2 + -1300?
-1265
In base 2, what is -111000000 + 11?
-110111101
In base 5, what is 31 - 100?
-14
In base 16, what is 1d8b - 3?
1d88
In base 2, what is -1110000001001 + -10?
-1110000001011
In base 7, what is 0 - 124?
-124
In base 14, what is -2 - 190?
-192
In base 13, what is 6 - 8?
-2
In base 12, what is 815 + -6?
80b
In base 10, what is -7994 - -1?
-7993
In base 2, what is -10000111000 + -110?
-10000111110
In base 2, what is -100 - 110111?
-111011
In base 16, what is 169 + -5?
164
In base 15, what is 18 + 5?
1d
In base 4, what is -2 + -12303?
-12311
In base 4, what is -10331 + -10?
-11001
In base 16, what is 15 + -1f?
-a
In base 5, what is 113240 + -1?
113234
In base 4, what is 0 - 12?
-12
In base 14, what is -1ab - -1?
-1aa
In base 16, what is -2 - -9bf?
9bd
In base 6, what is 123211 - -5?
123220
In base 8, what is 66 - -3?
71
In base 4, what is 3131 - 10?
3121
In base 2, what is 100 - -11010010?
11010110
In base 11, what is 9 + 58?
66
In base 11, what is 18 + 248?
265
In base 9, what is 1 - -14?
15
In base 8, what is -1221 + 3?
-1216
In base 5, what is 32 + -124?
-42
In base 13, what is 129 - 0?
129
In base 11, what is 5 + -3a71?
-3a67
In base 15, what is 7 - 4d?
-46
In base 11, what is 3712 + -3?
370a
In base 4, what is 10 + 213?
223
In base 10, what is 6 - -72?
78
In base 6, what is -232 + 3?
-225
In base 13, what is -58 + -4?
-5c
In base 4, what is 10223 - -11?
10300
In base 4, what is -2 + -1013?
-1021
In base 10, what is -37 - -161?
124
In base 10, what is -180 + 14?
-166
In base 15, what is 2da - 5?
2d5
In base 2, what is -10111010100 - -101?
-10111001111
In base 5, what is -24 - 133?
-212
In base 9, what is -2722 + 4?
-2717
In base 10, what is -395 + -2?
-397
In base 2, what is -10110001110 + 1001?
-10110000101
In base 11, what is aa2 + -1?
aa1
In base 8, what is -3 + 33?
30
In base 15, what is -3 + -c8?
-cb
In base 4, what is 3111 + 1?
3112
In base 12, what is 4 - -45?
49
In base 13, what is 4c + 9b?
11a
In base 9, what is 45 - 5?
40
In base 16, what is -a + 53?
49
In base 5, what is -1240 + -31?
-1321
In base 9, what is -22 - -7?
-14
In base 13, what is 19 - a6?
-8a
In base 13, what is -2 - -a0?
9b
In base 2, what is -1 + 100101000?
100100111
In base 10, what is -86 - 2?
-88
In base 2, what is -100001001 + -10?
-100001011
In base 13, what is -128 + 4?
-124
In base 7, what is 30263 + -1?
30262
In base 5, what is 2 + -11140?
-11133
In base 3, what is 1121 - 1?
1120
In base 11, what is -273 - -5?
-269
In base 16, what is -16 - -48?
32
In base 15, what is 3 - -2645?
2648
In base 9, what is 6 - 13?
-6
In base 13, what is -2 + -26?
-28
In base 9, what is -22 - -152?
130
In base 13, what is -10 - -10?
0
In base 9, what is 2 - -68?
71
In base 5, what is -3 - -402?
344
In base 11, what is -4a7 - 3?
-4aa
In base 6, what is 0 + -24320?
-24320
In base 14, what is 71b - 4?
717
In base 5, what is -10 + 2411?
2401
In base 16, what is 4 + 34?
38
In base 10, what is 150 - -79?
229
In base 8, what is -5 + -342?
-347
In base 9, what is 787 + 5?
803
In base 11, what is 2 + -454?
-452
In base 5, what is 10 + -121?
-111
In base 9, what is 6 - 10?
-3
In base 11, what is 0 - 63?
-63
In base 6, what is 30 - 1015?
-545
In base 13, what is 0 - 210?
-210
In base 7, what is 2 - 406?
-404
In base 6, what is 11105 - -1?
11110
In base 16, what is -1 + 1b0?
1af
In base 7, what is 1104 + 2?
1106
In base 14, what is -2 - 20?
-22
In base 4, what is -12100 - -20?
-12020
In base 14, what is a074 - 4?
a070
In base 15, what is -2 + 2?
0
In base 6, what is 10520 - -4?
10524
In base 14, what is -15 + a6?
91
In base 5, what is -14 - 11013?
-11032
In base 5, what is -11114 - 2?
-11121
In base 5, what is -3 + 321?
313
In base 3, what is -11 + -12001200?
-12001211
In base 16, what is 1 - 43?
-42
In base 11, what is 477 - 4?
473
In base 3, what is 12000 - 11?
11212
In base 11, what is -5 + -37?
-41
In base 12, what is 1 